f a?
2, 3, 7
Let y = -673 - -5078. What are the prime factors of y?
5, 881
Let p = 18170 + -5827. List the prime factors of p.
12343
Let j = -114 + 82. Let x = 96 + j. List the prime factors of x.
2
Suppose 29*h - 76322 = 135552. List the prime factors of h.
2, 13, 281
Let w be (5 + 0/(-4))*(-7)/(-7). Suppose 82 = 3*q + 4*m, -w*q + 0*q - 4*m + 142 = 0. List the prime factors of q.
2, 3, 5
Let t = 6372 - 2953. What are the prime factors of t?
13, 263
Suppose 2*u = 5*s + 13491, 20224 = -134*u + 137*u + 5*s. What are the prime factors of u?
11, 613
Let v = -632 - -482. Let y = v - -863. List the prime factors of y.
23, 31
Suppose -2*y - 2*y - 1812 = -4*h, -4*h - y = -1822. Let x = h + -188. What are the prime factors of x?
3, 89
Suppose -31*r + 35*r = 5*p - 258609, 2*r = -2. List the prime factors of p.
51721
Let f = 621 + 6501. What are the prime factors of f?
2, 3, 1187
Suppose -25*a + 34*a - 54 = 0. What are the prime factors of (-4512)/(-56) + a/14?
3
Let w(n) = 8597*n - 541. What are the prime factors of w(3)?
2, 5, 101
Suppose -c + 9 = 5*z - 3*c, -4*c + 3 = -3*z. Let l(v) = v + 5*v**3 + 4 + 0*v**2 - 4*v**z + 10*v**2 - 2*v**2. What are the prime factors of l(-4)?
2
Let s = 15 + -14. List the prime factors of ((-15192)/(-288))/((s + -2)/(-8)).
2, 211
List the prime factors of -18 - (-1427 + 10 + -9).
2, 11
Let j(h) = -h - 7. Let b be j(-2). Let m = b + -1. Let a(n) = n**2 - 2*n + 7. What are the prime factors of a(m)?
5, 11
Let q(g) = 3*g**3 + g**2 + 3*g - 1. Suppose -4*n - 1 = -t, -1 = -t + 2*n - 2. Let k be q(t). Let p = 151 + k. List the prime factors of p.
3, 23
Suppose 0 = 3*w - j - 16, 0 = 5*w + 5*j - 0*j - 60. Suppose 4*r = 5*h + 15, -2*h = -w*h - 15. Suppose 14*l - 2576 = -r*l. List the prime factors of l.
2, 23
Suppose 0 = -5*u + 3 - 8, 2*l - 9 = u. Suppose 0 = 4*n - l - 4. Suppose -3*p + 284 = n*a - 3*a, -2*p = -3*a - 194. List the prime factors of p.
2, 47
Suppose -4*p - 3*p + 5*p + 7582 = 0. List the prime factors of p.
17, 223
Suppose 3*a = 7 + 5. Suppose -a*m + 212 = -244. Suppose 2*o + 2*y = 6*y + 118, 2*o = 2*y + m. What are the prime factors of o?
5, 11
Let a be ((-18)/15)/((6/40)/1). Let n(d) = 7*d**2 + 10*d + 49. What are the prime factors of n(a)?
3, 139
Suppose -5*t = -2*r + 116, 7*r - 2*r + 5*t - 325 = 0. Let p = 1 + r. Let z = -7 + p. What are the prime factors of z?
3, 19
Let i be (3 + (-14)/6)*-27. List the prime factors of (-4626)/i*(0 + 1 + 0).
257
Suppose 0 = 5*u - 10 - 10. Let c(j) be the first derivative of 21*j**2/2 + 31*j - 58. List the prime factors of c(u).
5, 23
Let o(k) = 23*k**2 + 37*k - 200. List the prime factors of o(-34).
2, 5, 7, 359
Let r(h) be the third derivative of 7*h**6/120 + h**5/60 - h**4/8 + 5*h**3/6 - h**2 - 14*h. What are the prime factors of r(2)?
59
Let r = -88 - -60. Let x = -129 - -178. Let q = x + r. List the prime factors of q.
3, 7
Suppose -5*b - 5*z = -185, 3*z - 156 = -4*b + z. Let g(a) = a**3 + 10*a**2 + 6*a + 13. Let l be g(-8). Let u = l - b. What are the prime factors of u?
2, 13
Let t(u) = 4*u**2 + 9*u + 24. Let z be t(-5). Suppose 116*h = 115*h + z. What are the prime factors of h?
79
Let q(p) = p**2 + 7*p - 7. Let h be q(13). Let m = 155 - h. Let f = m + 197. What are the prime factors of f?
3, 11
Let z be 11/(-10) + 1 + 11055/50. Suppose 0 = 225*u - z*u - 136. List the prime factors of u.
2, 17
Let n = -192 + 42. Let o = n + 261. What are the prime factors of o?
3, 37
Let h(v) = 22*v - 109. Let i be h(5). Let s(c) = 759*c + 36. What are the prime factors of s(i)?
3, 5, 53
Suppose -4*t - 8*r + 814 = -10*r, -5*t + 1010 = 5*r. Let v = t - 140. What are the prime factors of v?
3, 7
Let n(g) = -g**3 - 3*g**2 - 76*g - 68. What are the prime factors of n(-23)?
2, 5, 613
What are the prime factors of 61501 + 1100/(-88)*4/10?
2, 7687
Let y = 884 + 4955. List the prime factors of y.
5839
Suppose 3*u - 2*z = -4, -4*z = -3*u + 2*u - 8. What are the prime factors of (-3 - u) + (0 - -408)?
3, 5
Let k = -7989 - -13377. What are the prime factors of k?
2, 3, 449
Suppose -26*u - 138*u = 48*u - 6557584. What are the prime factors of u?
2, 11, 19, 37
Suppose 0 = 4*g - 3*p - 740, 0 = 4*g - 2*p - 482 - 254. Let n = 327 - g. Let x = n - 37. List the prime factors of x.
2, 3
Let v(p) = 27*p**2 - 135*p + 174. List the prime factors of v(26).
2, 3, 11, 113
Let q(m) = -16*m - 14. Let t(b) = 32*b + 30. Let s(n) = 10*q(n) + 4*t(n). What are the prime factors of s(-7)?
2, 3, 17
Let c = 3009 - 2685. List the prime factors of c.
2, 3
Let o = -84 + 88. Suppose 7*i + 4 = 8*i, -o*i - 713 = -3*j. What are the prime factors of j?
3
Let r be 166/10 + (-16)/(-40). Suppose 2*l - 6*x + x = -r, l - 4*x = -16. List the prime factors of (2/l)/((-8036)/1608 - -5).
3, 67
Let p be (6 - -1*188) + (-2)/1. Suppose 2*q - p = -5*a + 44, -248 = -2*q - 2*a. Let n = q + 57. List the prime factors of n.
5, 37
Let f(p) = 4*p**2 + 5*p - 515. What are the prime factors of f(-46)?
3, 31, 83
Let y = -404 + 511. Suppose -2*k = -p + y, 6*p - 3*k + 235 = 8*p. List the prime factors of p.
113
Let t(o) = o + 5. Let j be t(-5). Let a = -1479 + 2482. Suppose 4*g + 107 - a = j. What are the prime factors of g?
2, 7
Let t = -103 + 109. Suppose -3*a - 2*p = -7, -4*a + 4*p + t = -10. What are the prime factors of a?
3
Let k = 18 + -22. Let n be (k + 7)/(-1 + 2). Suppose 5*s - 905 = -n*z, 0 = s - z + 4*z - 193. What are the prime factors of s?
2, 89
Let j(d) be the second derivative of -d**5/20 + 5*d**4/3 + 2*d**3/3 - 14*d**2 - 7*d + 6. List the prime factors of j(9).
29, 31
Let f be 6 - (-9 - -3 - 398). Suppose 8*m + 243 = 3*i + 12*m, -5*i = 5*m - f. What are the prime factors of i?
5, 17
Let d(m) = 2*m**3 + 198*m**2 - 131*m - 447. List the prime factors of d(-99).
2, 3, 2087
Suppose -3*y = 2*h + 1, -3*h - 10 = -2*y + 11. Suppose 4*z - 59 = -3*k, 2*z - y*k - 2*k = 49. List the prime factors of z.
17
Let c be -12*(63/(-24))/(-7)*-30. Let t = c + -28. List the prime factors of t.
107
Suppose 2*a - 14 = -4*g, 5*g - 40 = -35. List the prime factors of (-592 - (-3 - a))*(-3)/2.
2, 3, 73
Suppose -s - 20 = -3*n + 50, -5*n = -15. Let q = 665 + -687. Let d = q - s. List the prime factors of d.
3, 13
Let w = 76 - 76. Suppose 650 = 2*a - 4*z, w = -4*z - 7 - 1. Suppose -a = -5*l + 2*v, 5*l = 3*v + 134 + 190. List the prime factors of l.
3, 7
Let h(u) = -11 + 10 - 7*u - 3 + 103*u. Let n = 14 - 13. List the prime factors of h(n).
2, 23
Suppose 0 = -3*j - 4*r - 38, 4*j + 5*r = -26 - 23. What are the prime factors of (-7 + (35 - 7))*(-184)/j?
2, 7, 23
Suppose 0 = 117*u - 115*u - 3128. Let f = u - 1026. What are the prime factors of f?
2, 269
Let r(t) = 7 + 27*t - 2*t**2 + 3*t**2 + 9 - 24*t + 16. List the prime factors of r(16).
2, 3, 7
Let d(y) = 5225*y - 8779. List the prime factors of d(11).
2, 3, 2029
Suppose 4*j = 2*t + 850, -5*j - 3*t - 2*t + 1100 = 0. Let o be -3*2/4*(-196)/(-3). Let c = o + j. List the prime factors of c.
3, 13
List the prime factors of (-12)/(-108) - 81480/(-54).
3, 503
Let y be 1/((26/(-8))/13). What are the prime factors of (-18)/(-36) - 1746/y?
19, 23
Let t(p) = 55608*p + 518. List the prime factors of t(1).
2, 7, 19, 211
Let b(z) be the second derivative of z**6/360 + z**5/40 - 5*z**4/24 - 7*z**3/2 - 4*z. Let g(n) be the second derivative of b(n). List the prime factors of g(5).
5, 7
Let v(u) = 73*u**3 - 3*u**2 + 23*u - 15. What are the prime factors of v(5)?
2, 3, 5, 61
Suppose 0 = -3*d - 1031 + 1043. Suppose -17*u = d*u - 9114. What are the prime factors of u?
2, 7, 31
Let r = 555 - 547. Suppose 13*f - r*f - 7755 = j, -2*j - 1560 = -f. List the prime factors of f.
2, 5, 31
Let a = 35186 + -20761. What are the prime factors of a?
5, 577
Suppose 972*v - 10 = 5*a + 967*v, -4*a = -2*v. Let n(l) = -21*l + 158*l + 11 - 1. What are the prime factors of n(a)?
2, 71
Let h(x) = 12 + x + 11*x**2 + 120 + 46 - 4*x**2 - 4*x. List the prime factors of h(-12).
2, 13, 47
Let x(k) = k**3 - 5*k**2 + 3*k + 3. Let t = -22 - -6. Let a = -11 - t. What are the prime factors of x(a)?
2, 3
Suppose 0 = 3*l - 5*l - 7*q + 57922, -4*l - 3*q = -115910. List the prime factors of l.
2, 43, 337
Let g be (1 - 0)*(1 - 0). Let v(o) = o**3 - 23*o**2 + 2*o - 48. Let p be v(23). What are the prime factors of (135 - p)/(0 + g)?
137
Let f = -14068 + 26252. List the